{"id":869,"date":"2021-02-10T16:31:10","date_gmt":"2021-02-10T15:31:10","guid":{"rendered":"http:\/\/theatrelefilaplomb.fr\/blog\/?page_id=869"},"modified":"2021-02-24T14:09:10","modified_gmt":"2021-02-24T13:09:10","slug":"inscription","status":"publish","type":"page","link":"https:\/\/theatrelefilaplomb.fr\/blog\/inscription\/","title":{"rendered":"Inscription"},"content":{"rendered":"\n<p class=\"has-text-align-justify\"><strong>Vous \u00eates une compagnie, et vous souhaitez appara\u00eetre sur ce blog? Rien de plus simple, remplissez le formulaire suivant et nous vous recontacterons d\u00e8s que possible!<\/strong><\/p>\n\n\n\n<div class=\"wp-block-contact-form-7-contact-form-selector\">\n<div class=\"wpcf7 no-js\" id=\"wpcf7-f922-o1\" lang=\"fr-FR\" dir=\"ltr\" data-wpcf7-id=\"922\">\n<div class=\"screen-reader-response\"><p role=\"status\" aria-live=\"polite\" aria-atomic=\"true\"><\/p> <ul><\/ul><\/div>\n<form action=\"\/blog\/wp-json\/wp\/v2\/pages\/869#wpcf7-f922-o1\" method=\"post\" class=\"wpcf7-form init\" aria-label=\"Formulaire de contact\" enctype=\"multipart\/form-data\" novalidate=\"novalidate\" data-status=\"init\">\n<fieldset class=\"hidden-fields-container\"><input type=\"hidden\" name=\"_wpcf7\" value=\"922\" \/><input type=\"hidden\" name=\"_wpcf7_version\" value=\"6.1.5\" \/><input type=\"hidden\" name=\"_wpcf7_locale\" value=\"fr_FR\" \/><input type=\"hidden\" name=\"_wpcf7_unit_tag\" value=\"wpcf7-f922-o1\" \/><input type=\"hidden\" name=\"_wpcf7_container_post\" value=\"0\" \/><input type=\"hidden\" name=\"_wpcf7_posted_data_hash\" value=\"\" \/>\n<\/fieldset>\n<p><label> Nom de la compagnie<br \/>\n<span class=\"wpcf7-form-control-wrap\" data-name=\"nom-compagnie\"><input size=\"40\" maxlength=\"400\" class=\"wpcf7-form-control wpcf7-text wpcf7-validates-as-required\" aria-required=\"true\" aria-invalid=\"false\" value=\"\" type=\"text\" name=\"nom-compagnie\" \/><\/span> <\/label>\n<\/p>\n<p><label> Petit descriptif de la compagnie \/ sa ligne artistique<br \/>\n<span class=\"wpcf7-form-control-wrap\" data-name=\"desc-compagnie\"><textarea cols=\"40\" rows=\"10\" maxlength=\"2000\" class=\"wpcf7-form-control wpcf7-textarea\" aria-invalid=\"false\" name=\"desc-compagnie\"><\/textarea><\/span> <\/label>\n<\/p>\n<p><label>Site internet <span class=\"wpcf7-form-control-wrap\" data-name=\"site-compagnie\"><input size=\"40\" maxlength=\"400\" class=\"wpcf7-form-control wpcf7-url wpcf7-text wpcf7-validates-as-url\" aria-invalid=\"false\" value=\"\" type=\"url\" name=\"site-compagnie\" \/><\/span> <\/label>\n<\/p>\n<p><label> Nom du spectacle<br \/>\n<span class=\"wpcf7-form-control-wrap\" data-name=\"nom-spectacle\"><input size=\"40\" maxlength=\"400\" class=\"wpcf7-form-control wpcf7-text\" aria-invalid=\"false\" value=\"\" type=\"text\" name=\"nom-spectacle\" \/><\/span> <\/label>\n<\/p>\n<p><label> Genre du spectacle (th\u00e9\u00e2tre, conte, musique...)<br \/>\n<span class=\"wpcf7-form-control-wrap\" data-name=\"genre-spectacle\"><input size=\"40\" maxlength=\"400\" class=\"wpcf7-form-control wpcf7-text\" aria-invalid=\"false\" value=\"\" type=\"text\" name=\"genre-spectacle\" \/><\/span> <\/label>\n<\/p>\n<p><label> Interpr\u00e8te(s)<br \/>\n<span class=\"wpcf7-form-control-wrap\" data-name=\"interpretes-spectacle\"><input size=\"40\" maxlength=\"400\" class=\"wpcf7-form-control wpcf7-text\" aria-invalid=\"false\" value=\"\" type=\"text\" name=\"interpretes-spectacle\" \/><\/span> <\/label>\n<\/p>\n<p><label> Auteur(s)<br \/>\n<span class=\"wpcf7-form-control-wrap\" data-name=\"auteurs-spectacle\"><input size=\"40\" maxlength=\"400\" class=\"wpcf7-form-control wpcf7-text\" aria-invalid=\"false\" value=\"\" type=\"text\" name=\"auteurs-spectacle\" \/><\/span> <\/label>\n<\/p>\n<p><label> Metteur en sc\u00e8ne<br \/>\n<span class=\"wpcf7-form-control-wrap\" data-name=\"mes-spectacle\"><input size=\"40\" maxlength=\"400\" class=\"wpcf7-form-control wpcf7-text\" aria-invalid=\"false\" value=\"\" type=\"text\" name=\"mes-spectacle\" \/><\/span> <\/label>\n<\/p>\n<p>Spectacle <span class=\"wpcf7-form-control-wrap\" data-name=\"type-spectacle\"><span class=\"wpcf7-form-control wpcf7-checkbox wpcf7-validates-as-required\"><span class=\"wpcf7-list-item first\"><label><input type=\"checkbox\" name=\"type-spectacle[]\" value=\"Tout Public\" \/><span class=\"wpcf7-list-item-label\">Tout Public<\/span><\/label><\/span><span class=\"wpcf7-list-item last\"><label><input type=\"checkbox\" name=\"type-spectacle[]\" value=\"Jeune Public\" \/><span class=\"wpcf7-list-item-label\">Jeune Public<\/span><\/label><\/span><\/span><\/span>\n<\/p>\n<p><label> A partir de combiens de spectateurs la compagnie joue?<br \/>\n<span class=\"wpcf7-form-control-wrap\" data-name=\"nbspectateurs\"><input class=\"wpcf7-form-control wpcf7-number wpcf7-validates-as-number\" min=\"1\" max=\"100\" aria-invalid=\"false\" value=\"1\" type=\"number\" name=\"nbspectateurs\" \/><\/span> <\/label>\n<\/p>\n<p><label> Dur\u00e9e du spectacle<br \/>\n<span class=\"wpcf7-form-control-wrap\" data-name=\"duree-spectacle\"><input size=\"40\" maxlength=\"400\" class=\"wpcf7-form-control wpcf7-text\" aria-invalid=\"false\" value=\"\" type=\"text\" name=\"duree-spectacle\" \/><\/span> <\/label>\n<\/p>\n<p><label> Petit r\u00e9sum\u00e9 du spectacle<br \/>\n<span class=\"wpcf7-form-control-wrap\" data-name=\"resume-spectacle\"><textarea cols=\"40\" rows=\"10\" maxlength=\"2000\" class=\"wpcf7-form-control wpcf7-textarea\" aria-invalid=\"false\" name=\"resume-spectacle\"><\/textarea><\/span> <\/label><br \/>\n<label> Vid\u00e9os, teasers, extraits \u00e0 nous transmettre<br \/>\n(qui seront utilis\u00e9s sur le site)<br \/>\n<span class=\"wpcf7-form-control-wrap\" data-name=\"videos\"><input size=\"40\" class=\"wpcf7-form-control wpcf7-file\" accept=\"audio\/*,video\/*,image\/*\" aria-invalid=\"false\" type=\"file\" name=\"videos\" \/><\/span><\/label><br \/>\n<label> Cr\u00e9dit(s) photo(s)<br \/>\n<span class=\"wpcf7-form-control-wrap\" data-name=\"credit-photo\"><input size=\"40\" maxlength=\"400\" class=\"wpcf7-form-control wpcf7-text\" aria-invalid=\"false\" value=\"\" type=\"text\" name=\"credit-photo\" \/><\/span> <\/label>\n<\/p>\n<p><input class=\"wpcf7-form-control wpcf7-submit has-spinner\" type=\"submit\" value=\"Envoyer\" \/>\n<\/p><p style=\"display: none !important;\" class=\"akismet-fields-container\" data-prefix=\"_wpcf7_ak_\"><label>&#916;<textarea name=\"_wpcf7_ak_hp_textarea\" cols=\"45\" rows=\"8\" maxlength=\"100\"><\/textarea><\/label><input type=\"hidden\" id=\"ak_js_1\" name=\"_wpcf7_ak_js\" value=\"210\"\/><script type=\"text\/javascript\">\n\/* <![CDATA[ *\/\ndocument.getElementById( \"ak_js_1\" ).setAttribute( \"value\", ( new Date() ).getTime() );\n\/* ]]> *\/\n<\/script>\n<\/p><div class=\"wpcf7-response-output\" aria-hidden=\"true\"><\/div>\n<\/form>\n<\/div>\n<\/div>\n","protected":false},"excerpt":{"rendered":"<p>Vous \u00eates une compagnie, et vous souhaitez appara\u00eetre sur ce blog? Rien de plus simple, remplissez le formulaire suivant et nous vous recontacterons d\u00e8s que possible!<\/p>\n","protected":false},"author":1,"featured_media":0,"parent":0,"menu_order":0,"comment_status":"closed","ping_status":"closed","template":"","meta":{"cybocfi_hide_featured_image":"","footnotes":""},"class_list":["post-869","page","type-page","status-publish","hentry","clearfix"],"jetpack_sharing_enabled":true,"jetpack-related-posts":[{"id":963,"url":"https:\/\/theatrelefilaplomb.fr\/blog\/","url_meta":{"origin":869,"position":0},"title":"Bienvenue sur le FIL (Forum\u2026","author":"Olivier","date":"16 f\u00e9vrier 2021","format":false,"excerpt":"Bienvenue sur le FIL (Forum d'Interpr\u00e8tes Locaux) Vous recherchez une compagnie d'Occitanie ? Vous \u00eates bien tomb\u00e9s ! Ce site \u00e9vitera de vous donner du fil \u00e0 retordre et vous aidera \u00e0 trouver la compagnie dont vous avez besoin ! A l'inverse, vous \u00eates une compagnie d'Occitanie et vous souhaitez\u2026","rel":"","context":"Article similaire","block_context":{"text":"Article similaire","link":""},"img":{"alt_text":"","src":"","width":0,"height":0},"classes":[]},{"id":532,"url":"https:\/\/theatrelefilaplomb.fr\/blog\/mentions-legales\/","url_meta":{"origin":869,"position":1},"title":"Mentions l\u00e9gales","author":"Olivier","date":"24 d\u00e9cembre 2020","format":false,"excerpt":"1. Pr\u00e9sentation du site. En vertu de l'article 6 de la loi n\u00b0 2004-575 du 21 juin 2004 pour la confiance dans l'\u00e9conomie num\u00e9rique, il est pr\u00e9cis\u00e9 aux utilisateurs du site \"Forum d'interpr\u00e8tes locaux\" l'identit\u00e9 des diff\u00e9rents intervenants dans le cadre de sa r\u00e9alisation et de son suivi : Propri\u00e9taire\u2026","rel":"","context":"Article similaire","block_context":{"text":"Article similaire","link":""},"img":{"alt_text":"","src":"","width":0,"height":0},"classes":[]}],"_links":{"self":[{"href":"https:\/\/theatrelefilaplomb.fr\/blog\/wp-json\/wp\/v2\/pages\/869","targetHints":{"allow":["GET"]}}],"collection":[{"href":"https:\/\/theatrelefilaplomb.fr\/blog\/wp-json\/wp\/v2\/pages"}],"about":[{"href":"https:\/\/theatrelefilaplomb.fr\/blog\/wp-json\/wp\/v2\/types\/page"}],"author":[{"embeddable":true,"href":"https:\/\/theatrelefilaplomb.fr\/blog\/wp-json\/wp\/v2\/users\/1"}],"replies":[{"embeddable":true,"href":"https:\/\/theatrelefilaplomb.fr\/blog\/wp-json\/wp\/v2\/comments?post=869"}],"version-history":[{"count":3,"href":"https:\/\/theatrelefilaplomb.fr\/blog\/wp-json\/wp\/v2\/pages\/869\/revisions"}],"predecessor-version":[{"id":1006,"href":"https:\/\/theatrelefilaplomb.fr\/blog\/wp-json\/wp\/v2\/pages\/869\/revisions\/1006"}],"wp:attachment":[{"href":"https:\/\/theatrelefilaplomb.fr\/blog\/wp-json\/wp\/v2\/media?parent=869"}],"curies":[{"name":"wp","href":"https:\/\/api.w.org\/{rel}","templated":true}]}}